
-70c35 (base 13) to base 5
-22430444
What is -1505dc (base 14) in base 11?
-45a2a7
Convert -5014755 (base 8) to base 4.
-11001213231
What is 23213220233 (base 4) in base 16?
2e7a2f
What is 1336430 (base 7) in base 15?
37918
Convert 32145522 (base 6) to base 5.
220303404
What is 1064575 (base 8) in base 6?
10110353
What is -13211132300 (base 4) in base 14?
-39a97a
What is -b4ee25 (base 16) in base 2?
-101101001110111000100101
What is -580a66 (base 11) in base 10?
-923665
Convert 101000110101000111 (base 2) to base 15.
34844
Convert -4412222 (base 5) to base 14.
-1d961
45211131 (base 6) to base 9
2517431
11680 (base 10) to base 4
2312200
Convert -6978c1 (base 15) to base 10.
-5037481
What is -308959 (base 10) in base 13?
-aa821
56302 (base 7) to base 6
145444
-14242202 (base 5) to base 7
-1162243
What is 433cd (base 14) in base 3?
22021010122
-21033221123 (base 4) to base 16
-24fa5b
Convert 143012220 (base 5) to base 11.
473209
What is -143144154 (base 6) in base 14?
-56c366
Convert 803081 (base 10) to base 13.
2216c6
171031 (base 10) to base 9
280544
What is 696959 (base 11) in base 10?
1107214
What is 2475162 (base 8) in base 14?
13c386
16626 (base 13) to base 14
11845
6dbebb (base 15) to base 2
10100000010111010101010
What is 2222021201011 (base 3) in base 15?
21335a
Convert 3102012410 (base 5) to base 6.
342352222
Convert 12c4b9 (base 13) to base 4.
1233032313
Convert -141014413 (base 6) to base 8.
-12673111
Convert -1001101011111101101101 (base 2) to base 6.
-130232205
3355022 (base 6) to base 4
221231312
53853c (base 13) to base 11
111a052
What is -23354213 (base 6) in base 10?
-730593
What is 21222212013 (base 4) in base 14?
49d555
What is 2320244 (base 5) in base 12?
20339
1762624 (base 9) to base 2
11110000110000000100
-30432204 (base 6) to base 5
-211002213
What is 1404031311 (base 5) in base 2?
1101101010000100101110
4d1af3 (base 16) to base 5
2243200141
Convert 508ca (base 14) to base 6.
4053202
-401747 (base 10) to base 12
-1745ab
Convert 14691d (base 15) to base 10.
984178
73d94d (base 14) to base 4
32330123101
103628b (base 12) to base 9
5672078
202324032 (base 6) to base 4
31101130310
What is 130010132312 (base 4) in base 5?
3340432030
-33a87 (base 13) to base 16
-16f7b
111100100010000111 (base 2) to base 4
330202013
-42417227 (base 8) to base 5
-4304124144
Convert 20aa3 (base 12) to base 6.
531123
-3a246 (base 11) to base 13
-20250
Convert -61c4a (base 16) to base 12.
-1738b6
Convert 43607 (base 13) to base 15.
2618b
Convert 312231000 (base 4) to base 15.
465c9
Convert 1551c (base 13) to base 16.
9de0
Convert -72679 (base 13) to base 5.
-23033220
What is -2461655 (base 8) in base 9?
-1246880
What is 51e7 (base 15) in base 16?
43a5
Convert -1a9a598 (base 11) to base 15.
-49a45c
What is 1210121000212 (base 3) in base 10?
956471
Convert 3487 (base 10) to base 8.
6637
What is -b9c5e (base 15) in base 10?
-590039
What is 10021211212020 (base 3) in base 5?
421430034
-3cad70 (base 15) to base 8
-13113645
10fddf (base 16) to base 13
2ccb20
-3643727 (base 8) to base 4
-3310133113
-128a38 (base 11) to base 2
-110001010111111000
Convert 6415434 (base 7) to base 8.
2756363
2145254 (base 7) to base 5
31413221
3333003 (base 6) to base 12
81163
Convert 114864 (base 9) to base 5.
4203412
What is 288031 (base 9) in base 10?
176446
What is -418123 (base 9) in base 15?
-4da46
-101100110001100101011 (base 2) to base 11
-91234a
223320333021 (base 4) to base 9
23575650
What is -6420552 (base 7) in base 9?
-1415443
-2760540 (base 9) to base 13
-41107b
What is 21102020200 (base 3) in base 6?
3043500
Convert 101111001100000 (base 2) to base 15.
725a
169238b (base 12) to base 2
10001110100000010011011
2b36975 (base 13) to base 11
78a1a34
What is -373205 (base 11) in base 3?
-1002222011102
What is -1a433 (base 14) in base 9?
-111424
55a6c (base 14) to base 15
418c1
Convert 80997 (base 11) to base 7.
1001652
What is -805bb9 (base 14) in base 10?
-4318631
What is -779268 (base 10) in base 8?
-2762004
-333305 (base 8) to base 16
-1b6c5
Convert -b37c54 (base 15) to base 5.
-4141001104
Convert 8590 (base 14) to base 13.
a659
Convert -11711170 (base 8) to base 7.
-31020635
Convert -9a11fa (base 16) to base 2.
-100110100001000111111010
111023331 (base 4) to base 12
42279
-3424326 (base 7) to base 5
-102122031
What is 7ddb3 (base 15) in base 12?
174313
Convert -3454064 (base 10) to base 15.
-48365e
What is -3a5b7a (base 13) in base 2?
-101011000110101010010
Convert -8aaa5b (base 12) to base 5.
-1031414212
Convert 61524325 (base 7) to base 13.
10b3a18
Convert -610153 (base 9) to base 12.
-154aa0
Convert 7fa66 (base 16) to base 4.
1333221212
What is -10403122 (base 9) in base 10?
-5021453
Convert -11121101121 (base 3) to base 5.
-10400212
304331044 (base 5) to base 14
245ddc
What is 1001001100110011011 (base 2) in base 14?
7bc15
What is a3900 (base 11) in base 14?
3d2cc
12020051 (base 7) to base 3
2000001002112
-37882 (base 9) to base 3
-1021222202
What is -80cc06 (base 13) in base 5?
-1231424432
What is -313033323 (base 4) in base 8?
-671773
bca316 (base 14) to base 2
11000011011101111110000
What is -897197 (base 10) in base 8?
-3330255
3629 (base 11) to base 14
1a34
10010000000110100000 (base 2) to base 5
122341430
What is 1606028 (base 10) in base 13?
443018
What is -22054 (base 11) in base 8?
-76403
Convert 13300211303 (base 4) to base 2.
111110000100101110011
Convert 166339 (base 12) to base 16.
5dc5d
What is 2125535 (base 8) in base 9?
1055325
Convert 846596 (base 14) to base 8.
21041750
What is -111200122022 (base 3) in base 13?
-95864
-5821093 (base 10) to base 13
-128a745
What is -b92bdb (base 14) in base 6?
-342214045
-56237501 (base 8) to base 11
-6942255
What is -520305 (base 9) in base 12?
-12a71b
20100022122200 (base 3) to base 2
1100110111010001000110
Convert -3320410000 (base 5) to base 12.
-24b3041
Convert -45424466 (base 7) to base 13.
-a86887
24a0c6 (base 14) to base 4
10302313132
20034244 (base 5) to base 15
3204e
What is dc8c1 (base 16) in base 9?
1626154
What is 510529 (base 15) in base 12?
13572a0
-8390e (base 15) to base 8
-1456614
-3979 (base 13) to base 7
-32641
Convert -11764377 (base 8) to base 13.
-707683
Convert -1071573 (base 10) to base 5.
-233242243
1120212012121 (base 3) to base 11
5268a3
Convert -282592 (base 15) to base 7.
-22263650
Convert 100002202122 (base 3) to base 16.
2bbda
-1417b6 (base 16) to base 8
-5013666
What is a65002 (base 13) in base 4?
32312333303
What is -167acb (base 14) in base 15?
-108e97
Convert -144cb (base 13) to base 3.
-1221101112
Convert 222001210200222 (base 3) to base 12.
4780922
Convert 274402 (base 14) to base 16.
14b222
What is 4d98ab (base 14) in base 11?
15693a5
What is -2551565 (base 8) in base 14?
-1467c1
Convert -38761a (base 15) to base 16.
-29529d
Convert -1100021222121 (base 3) to base 4.
-2232122221
Convert 322320022 (base 6) to base 10.
5717966
What is -3ecbaa (base 15) in base 14?
-58c334
What is 669974 (base 10) in base 16?
a3916
Convert -12623160 (base 7) to base 4.
-10130210211
-3331144 (base 7) to base 11
-260872
Convert -3714571 (base 10) to base 3.
-20222201102201
-61757 (base 8) to base 7
-134405
Convert -103152 (base 6) to base 13.
-3b33
Convert a3aa85 (base 14) to base 12.
1a24225
Convert 571047 (base 9) to base 16.
537b8
Convert 5347052 (base 8) to base 6.
50343522
Convert 554152 (base 7) to base 12.
4850a
Convert -1566031 (base 7) to base 4.
-311100322
865101 (base 14) to base 5
2131001010
Convert -153367 (base 9) to base 5.
-11004340
What is 23332310 (base 4) in base 10?
49076
Convert -3010014 (base 5) to base 14.
-13457
Convert 560231 (base 7) to base 13.
35b28
Convert -533204 (base 12) to base 7.
-14102422
What is 10223505 (base 6) in base 5?
34031123
2461717 (base 8) to base 10
680911
Convert 10433566 (base 7) to base 13.
256438
-14453442 (base 6) to base 16
-7b482
Convert -333200213 (base 4) to base 15.
-52125
Convert 35224 (base 6) to base 2.
1001111000000
What is 13322525 (base 6) in base 5?
103241303
Convert -42510060 (base 7) to base 15.
-4b65d3
63560 (base 12) to base 15
2897c
Convert 2a0836 (base 13) to base 6.
34022345
What is 35b6036 (base 12) in base 10?
10440618
What is 9039 (base 14) in base 12?
123a3
11001104 (base 7) to base 8
3457024
303046 (base 7) to 